se 0*s - 274 = 2*s + 4*i, -5*s + i - 685 = 0. Is (s - -10)/(0 - 1) a composite number?
False
Let k be 6 - (-2 + (3 - 0)). Let c(i) = 9*i**2 - i + 3. Is c(k) prime?
True
Let c(t) = 36*t + 1. Is c(3) composite?
False
Suppose -5 + 3 = -v. Suppose -3*u + 1 = -2*q, -3*q = v*u - 18 - 0. Suppose u*m - 124 = -m. Is m prime?
True
Suppose t + 3 = 2*s, 3*s + 1 - 13 = 0. Suppose 0 = t*p - u - 175, 2*p = 4*p - u - 70. Is p a composite number?
True
Let d(g) = -g**3 - 11*g**2 + 3*g + 7. Let y be d(-11). Suppose n - 35 = 5*t, 4*t - 2*n = t - 28. Is (y/3)/(4/t) prime?
True
Let f(m) be the second derivative of 24*m**3 - m**2/2 - 4*m. Is f(1) a composite number?
True
Let t(o) = -201*o**3 - 2*o**2 - o + 1. Is t(-1) a composite number?
True
Suppose -539 = -3*x + 58. Is x prime?
True
Let y(k) = k + 4. Suppose -u - g - 3 = 0, g + 6 = -3*u - 13. Let d be y(u). Is (-2)/d - 38/(-4) composite?
True
Suppose -2*f + 3*f + 162 = t, 0 = -3*t - f + 498. Let j = -110 + t. Is j a composite number?
True
Let y = 4 + -1. Suppose -4*p = -2*a - 132, y*p - 7*p = 2*a - 140. Is p a prime number?
False
Let r(d) = -43*d + 4. Let s(v) = 43*v - 4. Let x(n) = 2*r(n) + 3*s(n). Suppose -2*h = 3*h - 25. Is x(h) a prime number?
True
Suppose 4*s + 4 = 2*s. Is (5/(-15))/(s/762) composite?
False
Let d(o) = -46*o + 5. Is d(-5) a composite number?
True
Suppose 0 = -26*s + 31*s - 10. Suppose 4*z + 1981 = 8*z - 5*o, 983 = s*z - 5*o. Is z a prime number?
True
Let c(n) = 79*n**2 - 2*n + 2. Is c(2) composite?
True
Let y(o) = -o**3 + o + 1597. Is y(0) a composite number?
False
Let p be -2*1 + (2 - -14). Let f be (-7)/p - 30/(-4). Suppose -5*o = -f - 38. Is o a prime number?
False
Let t(p) = p - 6. Let x = 9 + -3. Let h be t(x). Suppose 0*a + 52 = 2*a - 5*g, h = a + 2*g - 35. Is a composite?
False
Let u be (-54)/4*(-12)/18. Suppose -1070 = -5*o - 3*k, u = -o + k + 215. Is o composite?
False
Let k = -47 - -30. Let s = k - -354. Is s composite?
False
Suppose -160 = 3*h - 772. Suppose -2*k + 261 = 5*g, -4*g + 0*k = 4*k - h. Is g a prime number?
True
Let b(z) = -2*z**3 + 4*z**2 + 3*z + 7. Is b(-6) prime?
False
Suppose -22*l = -26*l + 43748. Is l a prime number?
True
Suppose -5*b + 93 = -4*p - 88, 0 = -2*b + 5*p + 69. Let m = 164 - 60. Let h = m - b. Is h composite?
False
Let p(l) = 2*l**3 - 4*l**2 - l + 5. Is p(4) a prime number?
False
Let m be (-4 + 2/(-2))*-58. Suppose 2*c = -3*g + m, -c - 3*g + 69 = -76. Let k = 214 - c. Is k composite?
True
Let y = -10 - -17. Suppose -6*k + k + q + 56 = 0, -k - 4*q = -y. Is k composite?
False
Suppose -5*f + 3 = -4*f, -4*u + 7397 = 3*f. Is u a composite number?
False
Suppose -3*p + 2*p = -673. Is p a prime number?
True
Let z = -52 - -88. Let w = -3 + z. Is w a prime number?
False
Suppose 0 = -7*b + 3*b. Suppose b = -y - 3 + 6. Is y composite?
False
Suppose -5*p + 695 - 80 = 0. Is p a prime number?
False
Let u(m) = 4 - 5 - m**2 - 3 + 5*m. Let k be u(3). Suppose -4*i + k*i + 254 = 0. Is i prime?
True
Let k(g) be the first derivative of -7*g - g**3 + 1/2*g**4 + 3 - 5/2*g**2. Is k(6) a composite number?
True
Suppose 4*l - 44060 = 3*s, 0 = 5*s - s. Is l a composite number?
True
Let g(w) = 10*w**2 - 9*w - 8. Is g(7) prime?
True
Suppose -135 + 41 = -2*w. Is w a prime number?
True
Suppose 5*j - 10802 = -1007. Is j a composite number?
True
Let s(w) = 749*w**2. Is s(-1) a composite number?
True
Let b = 0 + -2. Let x be 40/(-15)*3/b. Suppose 0 = x*z - 5*u - 299, 68 = z + 5*u - 4*u. Is z a composite number?
False
Let y(h) be the third derivative of 0*h + 0 - 1/24*h**4 + 2/3*h**3 - h**2 + 1/30*h**5. Is y(-3) composite?
True
Let r(z) = 11*z**2 + 2*z + 1. Let q(i) = i**3 + 9*i**2 - i - 10. Let j be q(-9). Is r(j) composite?
True
Let c = -14 - -16. Suppose -3 = -c*m + 35. Is m prime?
True
Let k be (-3)/(-5) - (-2606)/(-10). Let q = k + 417. Is q prime?
True
Let r(z) = 65*z - 3. Is r(8) a prime number?
False
Let a = 264 - -1. Is a a composite number?
True
Let j(a) = 101*a - 1. Suppose 2*h + 11 = -5*i, -3*i = 3*h - 2*i - 3. Let x be j(h). Let l = x + -122. Is l composite?
False
Let f be (8/(-10))/((-8)/20). Is (-2 + (f - -1))*47 a composite number?
False
Let v = 1 - 11. Let x = 14 + v. Suppose x*y = -c - y + 16, 5*c = y + 106. Is c prime?
False
Let q(m) = -19*m - 22. Is q(-21) prime?
False
Let p(v) = 4*v**2 - v - 1. Let r be p(-1). Suppose -j - 2*y + 18 = 2*y, -4*j = -y - r. Is j prime?
True
Let r = -1 + 5. Suppose r*k - 1420 = -0*k. Suppose 5*n - k - 130 = 0. Is n composite?
False
Suppose -3*a - 1 + 7 = 0. Suppose -a*l + 27 + 25 = 0. Suppose -d + l = d. Is d prime?
True
Let h(b) = b**3 + 9*b**2 + 8. Let v be h(-9). Let f = v - 7. Is (0 - (f - 3)) + 305 prime?
True
Let i = -5 - -184. Is i a prime number?
True
Let z be -2 - 3/(3/(-26)). Let t be 0 + -1 + -2 + z. Suppose 5*m - 5*l - 9 = t, 2*l = -4*m. Is m a composite number?
False
Suppose 4*r + 5*s - 15 = 0, -r - 3*s = -5*s + 6. Let i(j) = j**3 + 77. Is i(r) a prime number?
False
Let v(j) = j**3 + 10*j**2 + 10*j + 2. Is v(-7) a composite number?
False
Suppose -12*r = -7*r - 20. Suppose r*v + 42 - 622 = 0. Is v composite?
True
Is ((-18905)/76)/((-2)/8) a prime number?
False
Let w = -28 - -25. Is (-4)/(-36)*w*-222 a prime number?
False
Let y(t) = -102*t + 35. Is y(-13) prime?
True
Let t = -66 + 89. Is t a composite number?
False
Suppose -3*d - 5*k = -99, 5*d - 153 = k - 16. Is (-7)/d - 837/(-4) composite?
True
Suppose -3*p - 2*p = 5*z - 965, 0 = -5*p + 3*z + 949. Is p a prime number?
True
Let o = -14 + 10. Let r(k) = 1 + 2*k**2 - 3*k + 3*k**2 - 5*k + k**3 + 3*k. Is r(o) a composite number?
False
Let i = 73 + 648. Is i composite?
True
Suppose 4*i = 3*b - 1068 + 24308, 0 = -3*i - 4*b + 17455. Is i a prime number?
True
Is (-2 - 2)/2*(-1198)/4 a composite number?
False
Suppose 439 = -3*u + 1927. Let j = u - 305. Is j prime?
True
Let n be 2 + (0 - -2 - 2). Is 2*39 - (-1 + n) composite?
True
Let h(p) = -12 - 2*p + 4*p + 10*p - 3*p. Is h(5) a composite number?
True
Suppose 3*w + 5*i - 307 = 0, 3 = 3*i - 6*i. Suppose 2*o = w + 68. Is o composite?
True
Is -3 + 1 + 4 + 5*79 prime?
True
Suppose -2*x = -u - 4*x + 21, 3*u - x - 42 = 0. Let c = u + -9. Is c a prime number?
False
Let p(c) = 142*c**2 - 4*c. Let x(y) = -142*y**2 + 3*y. Let n(i) = -2*p(i) - 3*x(i). Is n(-1) a composite number?
True
Let m(g) = g**2 - 4*g + 3. Let t be m(4). Suppose 2*o + 2 = 0, -t*a - o + 181 = -5*o. Is a a prime number?
True
Let z be 1/(1 - 0/(-1)). Suppose -2*u + z = -u. Suppose 2*p + u - 43 = 0. Is p prime?
False
Let s be (-3)/(-4) - (-50958)/(-8). Is (-2)/(s/2121 + 3) composite?
True
Let a be -4 - -7 - 353*-1. Suppose -u = -2*u + 2, -a = -3*y - u. Is y composite?
True
Let p = -11 + 10. Suppose -31 = 5*d + 4. Let c = p - d. Is c prime?
False
Let m(j) be the first derivative of -j**3/3 + 9*j**2/2 - 7*j + 2. Is m(5) a prime number?
True
Let a(d) = 4*d - 3. Let n be a(3). Let l = -34 + 55. Suppose t - v + 7 - l = 0, -t + 2*v + n = 0. Is t a composite number?
False
Let p(x) = -x**3 - 4*x**2 - 2*x - 2. Let g be p(-3). Is (-2)/10 + (-171)/g composite?
True
Let j(w) = 3*w**2 + 2*w - 4. Let b be j(4). Suppose -b = 2*u - 6*u. Is u composite?
False
Let t be 4/3*3/1. Let z(v) be the third derivative of v**4/4 - v**3/3 + 3*v**2. Is z(t) a prime number?
False
Suppose 12 = 3*f - 0. Let x(h) = h**2 - 5*h + 6. Let i be x(f). Suppose -z + 147 = i*z. Is z composite?
True
Suppose b + h + 0*h + 2 = 0, 0 = 2*b + 4*h + 12. Let g(j) = -b + 3 + 2 - 16*j. Is g(-4) prime?
True
Let c = -713 + 3175. Is c composite?
True
Let j(x) = 214*x - 1. Let p(b) = -b. Let h(u) = j(u) + 2*p(u). Is h(1) composite?
False
Suppose 216 = 3*q - 93. Is q composite?
False
Suppose 3*f - 16 = f. Let u = f + -6. Suppose -3*l = -u*l - 59. Is l prime?
True
Let l be -2 - -2 - (-5 + 1). Suppose -l*t + 479 = -113. Suppose 5*m - t = m. Is m a composite number?
False
Suppose -148 - 6 = -2*a + 4*q, q = -2*a + 179. Let z = a - -7. Is z composite?
True
Let q = 0 + 4. Let c(t) = 3*t**3 + 6*t - 5. Is c(q) a composite number?
False
Let d be 3 - ((-8)/(-2) - -2). Is (471 - (2 - 3)) + d a prime number?
False
Let w(i) = -26*i + 3 - 4 + 4. Is w(-14) composite?
False
Suppose -50 + 235 = g. Suppose -8*u + 3*u + g = 0. Is u a prime number?
True
Let d(y) = 13*y + 6. Let c be d(7). Let s = 106 + c. Is s composite?
True
Let u(a) = a**3 + 5*a**2 